66.249.66.197 - - [31/Jul/2026:15:18:07 +0200] "GET /shop.php?w=82547497560582 HTTP/1.1" 200 20 "-" "Mozilla/5.0 (Linux; Android 6.0.1; Nexus 5X Build/MMB29P) AppleWebKit/537.36 (KHTML, like Gecko) Chrome/150.0.7871.186 Mobile Safari/537.36 (compatible; Googlebot/2.1; +http://www.google.com/bot.html)"
66.249.66.197 - - [31/Jul/2026:15:18:09 +0200] "GET /shop.php?w=73271783256330 HTTP/1.1" 200 20 "-" "Mozilla/5.0 (Linux; Android 6.0.1; Nexus 5X Build/MMB29P) AppleWebKit/537.36 (KHTML, like Gecko) Chrome/150.0.7871.186 Mobile Safari/537.36 (compatible; Googlebot/2.1; +http://www.google.com/bot.html)"
66.249.66.197 - - [31/Jul/2026:15:18:12 +0200] "GET /shop.php?w=16046903660783 HTTP/1.1" 200 20 "-" "Mozilla/5.0 (Linux; Android 6.0.1; Nexus 5X Build/MMB29P) AppleWebKit/537.36 (KHTML, like Gecko) Chrome/150.0.7871.186 Mobile Safari/537.36 (compatible; Googlebot/2.1; +http://www.google.com/bot.html)"
57.141.0.5 - - [31/Jul/2026:15:27:30 +0200] "GET /?e=71627161199 HTTP/2" 429 0 "-" "Mozilla/5.0 (Windows NT 10.0; Win64; x64) AppleWebKit/537.36 (KHTML, like Gecko) Chrome/144.0.0.0 Safari/537.36 Edg/144.0.0.0 (compatible; meta-externalagent/1.1 (+https://developers.facebook.com/docs/sharing/webmasters/crawler))"
57.141.0.49 - - [31/Jul/2026:15:27:49 +0200] "GET /?g=92271466607 HTTP/2" 429 0 "-" "Mozilla/5.0 (Windows NT 10.0; Win64; x64) AppleWebKit/537.36 (KHTML, like Gecko) Chrome/145.0.0.0 Safari/537.36 (compatible; meta-externalagent/1.1 (+https://developers.facebook.com/docs/sharing/webmasters/crawler))"
66.249.66.197 - - [31/Jul/2026:15:22:15 +0200] "GET /shop.php?w=95595219448088 HTTP/1.1" 200 20 "-" "Mozilla/5.0 (Linux; Android 6.0.1; Nexus 5X Build/MMB29P) AppleWebKit/537.36 (KHTML, like Gecko) Chrome/150.0.7871.186 Mobile Safari/537.36 (compatible; Googlebot/2.1; +http://www.google.com/bot.html)"
66.249.66.197 - - [31/Jul/2026:15:22:18 +0200] "GET /shop.php?w=79944209026234 HTTP/1.1" 200 20 "-" "Mozilla/5.0 (Linux; Android 6.0.1; Nexus 5X Build/MMB29P) AppleWebKit/537.36 (KHTML, like Gecko) Chrome/150.0.7871.186 Mobile Safari/537.36 (compatible; Googlebot/2.1; +http://www.google.com/bot.html)"
57.141.0.20 - - [31/Jul/2026:15:22:43 +0200] "GET /?x=82499050745 HTTP/2" 429 0 "-" "Mozilla/5.0 (Macintosh; Intel Mac OS X 10_15_7) AppleWebKit/537.36 (KHTML, like Gecko) Chrome/145.0.0.0 Safari/537.36 (compatible; meta-externalagent/1.1 (+https://developers.facebook.com/docs/sharing/webmasters/crawler))"
66.249.66.197 - - [31/Jul/2026:15:24:22 +0200] "GET /shop.php?w=4547198244051 HTTP/1.1" 200 20 "-" "Mozilla/5.0 (Linux; Android 6.0.1; Nexus 5X Build/MMB29P) AppleWebKit/537.36 (KHTML, like Gecko) Chrome/150.0.7871.186 Mobile Safari/537.36 (compatible; Googlebot/2.1; +http://www.google.com/bot.html)"
66.249.66.197 - - [31/Jul/2026:15:24:23 +0200] "GET /shop.php?w=22507814834495 HTTP/1.1" 200 20 "-" "Mozilla/5.0 (Linux; Android 6.0.1; Nexus 5X Build/MMB29P) AppleWebKit/537.36 (KHTML, like Gecko) Chrome/150.0.7871.186 Mobile Safari/537.36 (compatible; Googlebot/2.1; +http://www.google.com/bot.html)"
66.249.66.197 - - [31/Jul/2026:15:24:41 +0200] "GET /shop.php?w=31653344712803 HTTP/1.1" 200 20 "-" "Mozilla/5.0 (Linux; Android 6.0.1; Nexus 5X Build/MMB29P) AppleWebKit/537.36 (KHTML, like Gecko) Chrome/150.0.7871.186 Mobile Safari/537.36 (compatible; Googlebot/2.1; +http://www.google.com/bot.html)"
66.249.66.197 - - [31/Jul/2026:15:24:42 +0200] "GET /shop.php?w=86074228861464 HTTP/1.1" 200 20 "-" "Mozilla/5.0 (Linux; Android 6.0.1; Nexus 5X Build/MMB29P) AppleWebKit/537.36 (KHTML, like Gecko) Chrome/150.0.7871.186 Mobile Safari/537.36 (compatible; Googlebot/2.1; +http://www.google.com/bot.html)"
66.249.66.198 - - [31/Jul/2026:15:25:09 +0200] "GET /shop.php?w=41054146551909 HTTP/1.1" 200 20 "-" "Mozilla/5.0 (Linux; Android 6.0.1; Nexus 5X Build/MMB29P) AppleWebKit/537.36 (KHTML, like Gecko) Chrome/150.0.7871.186 Mobile Safari/537.36 (compatible; Googlebot/2.1; +http://www.google.com/bot.html)"
57.141.0.66 - - [31/Jul/2026:15:27:36 +0200] "GET /?e=31975012033 HTTP/2" 429 0 "-" "Mozilla/5.0 (Windows NT 10.0; Win64; x64) AppleWebKit/537.36 (KHTML, like Gecko) Chrome/145.0.0.0 Safari/537.36 (compatible; meta-externalagent/1.1 (+https://developers.facebook.com/docs/sharing/webmasters/crawler))"
57.141.0.66 - - [31/Jul/2026:15:27:55 +0200] "GET /?g=43690382243 HTTP/2" 429 0 "-" "Mozilla/5.0 (Windows NT 10.0; Win64; x64) AppleWebKit/537.36 (KHTML, like Gecko) Chrome/145.0.0.0 Safari/537.36 (compatible; meta-externalagent/1.1 (+https://developers.facebook.com/docs/sharing/webmasters/crawler))"
66.249.66.197 - - [31/Jul/2026:15:19:41 +0200] "GET /shop.php?w=44445900509684 HTTP/1.1" 200 20 "-" "Mozilla/5.0 (Linux; Android 6.0.1; Nexus 5X Build/MMB29P) AppleWebKit/537.36 (KHTML, like Gecko) Chrome/150.0.7871.186 Mobile Safari/537.36 (compatible; Googlebot/2.1; +http://www.google.com/bot.html)"
66.249.66.197 - - [31/Jul/2026:15:19:43 +0200] "GET /shop.php?w=23028212955922 HTTP/1.1" 200 20 "-" "Mozilla/5.0 (Linux; Android 6.0.1; Nexus 5X Build/MMB29P) AppleWebKit/537.36 (KHTML, like Gecko) Chrome/150.0.7871.186 Mobile Safari/537.36 (compatible; Googlebot/2.1; +http://www.google.com/bot.html)"
66.249.66.197 - - [31/Jul/2026:15:20:13 +0200] "GET /shop.php?w=59252277864921 HTTP/1.1" 200 20 "-" "Mozilla/5.0 (Linux; Android 6.0.1; Nexus 5X Build/MMB29P) AppleWebKit/537.36 (KHTML, like Gecko) Chrome/150.0.7871.186 Mobile Safari/537.36 (compatible; Googlebot/2.1; +http://www.google.com/bot.html)"
57.141.0.16 - - [31/Jul/2026:15:20:36 +0200] "GET /?t=83183661376 HTTP/2" 301 20 "-" "Mozilla/5.0 (Windows NT 10.0; Win64; x64) AppleWebKit/537.36 (KHTML, like Gecko) Chrome/145.0.0.0 Safari/537.36 (compatible; meta-externalagent/1.1 (+https://developers.facebook.com/docs/sharing/webmasters/crawler))"
57.141.0.36 - - [31/Jul/2026:15:21:17 +0200] "GET /?f=53988238511 HTTP/2" 200 11432 "-" "Mozilla/5.0 (Windows NT 10.0; Win64; x64) AppleWebKit/537.36 (KHTML, like Gecko) Chrome/145.0.0.0 Safari/537.36 (compatible; meta-externalagent/1.1 (+https://developers.facebook.com/docs/sharing/webmasters/crawler))"
216.73.160.75 - - [31/Jul/2026:15:21:21 +0200] "POST /wp-login.php HTTP/1.1" 200 5346 "-" "Mozilla/5.0"
57.141.0.25 - - [31/Jul/2026:15:22:53 +0200] "GET /?p=73463826136 HTTP/2" 301 20 "-" "Mozilla/5.0 (Macintosh; Intel Mac OS X 10_15_7) AppleWebKit/537.36 (KHTML, like Gecko) Chrome/145.0.0.0 Safari/537.36 (compatible; meta-externalagent/1.1 (+https://developers.facebook.com/docs/sharing/webmasters/crawler))"
57.141.0.5 - - [31/Jul/2026:15:32:48 +0200] "GET /?g=60546431598 HTTP/2" 429 0 "-" "Mozilla/5.0 (Windows NT 10.0; Win64; x64) AppleWebKit/537.36 (KHTML, like Gecko) Chrome/145.0.0.0 Safari/537.36 (compatible; meta-externalagent/1.1 (+https://developers.facebook.com/docs/sharing/webmasters/crawler))"
157.245.105.107 - - [31/Jul/2026:15:33:04 +0200] "GET / HTTP/1.1" 301 0 "-" "Mozilla/5.0 (l9scan/2.0.334323e29353e243e26343; +https://leakix.net)"
157.245.105.107 - - [31/Jul/2026:15:33:07 +0200] "GET /server-status HTTP/1.1" 301 20 "-" "Mozilla/5.0 (l9scan/2.0.334323e29353e243e26343; +https://leakix.net)"
157.245.105.107 - - [31/Jul/2026:15:33:09 +0200] "GET /about HTTP/1.1" 301 20 "-" "Mozilla/5.0 (l9scan/2.0.334323e29353e243e26343; +https://leakix.net)"
157.245.105.107 - - [31/Jul/2026:15:33:10 +0200] "GET /login.action HTTP/1.1" 301 20 "-" "Mozilla/5.0 (l9scan/2.0.334323e29353e243e26343; +https://leakix.net)"
157.245.105.107 - - [31/Jul/2026:15:33:11 +0200] "GET / HTTP/1.1" 301 20 "-" "Mozilla/5.0 (l9scan/2.0.334323e29353e243e26343; +https://leakix.net)"
157.245.105.107 - - [31/Jul/2026:15:33:12 +0200] "GET /___proxy_subdomain_whm/login HTTP/1.1" 301 20 "-" "Mozilla/5.0 (l9scan/2.0.334323e29353e243e26343; +https://leakix.net)"
157.245.105.107 - - [31/Jul/2026:15:33:14 +0200] "GET /v2/_catalog HTTP/1.1" 301 20 "-" "Mozilla/5.0 (l9scan/2.0.334323e29353e243e26343; +https://leakix.net)"
157.245.105.107 - - [31/Jul/2026:15:33:16 +0200] "GET /.DS_Store HTTP/1.1" 301 20 "-" "Mozilla/5.0 (l9scan/2.0.334323e29353e243e26343; +https://leakix.net)"
157.245.105.107 - - [31/Jul/2026:15:33:21 +0200] "GET /.git/config HTTP/1.1" 403 1242 "-" "Mozilla/5.0 (l9scan/2.0.334323e29353e243e26343; +https://leakix.net)"
157.245.105.107 - - [31/Jul/2026:15:33:27 +0200] "GET /config.json HTTP/1.1" 301 20 "-" "Mozilla/5.0 (l9scan/2.0.334323e29353e243e26343; +https://leakix.net)"
157.245.105.107 - - [31/Jul/2026:15:33:38 +0200] "POST /?rest_route=/batch/v1 HTTP/1.1" 403 1242 "-" "Mozilla/5.0 (l9scan/2.0.334323e29353e243e26343; +https://leakix.net)"
157.245.105.107 - - [31/Jul/2026:15:33:41 +0200] "POST /wp-json/batch/v1 HTTP/1.1" 207 299 "-" "Mozilla/5.0 (l9scan/2.0.334323e29353e243e26343; +https://leakix.net)"
158.158.32.229 - - [31/Jul/2026:15:34:09 +0200] "GET /autodiscover/autodiscover.xml HTTP/1.1" 400 52 "-" "-"
158.158.32.229 - - [31/Jul/2026:15:34:09 +0200] "GET /autodiscover/autodiscover.xml HTTP/1.1" 400 52 "-" "-"
158.158.32.229 - - [31/Jul/2026:15:34:10 +0200] "GET /autodiscover/autodiscover.xml HTTP/1.1" 400 52 "-" "-"
158.158.32.229 - - [31/Jul/2026:15:34:10 +0200] "GET /autodiscover/autodiscover.xml HTTP/1.1" 400 52 "-" "-"
158.158.32.229 - - [31/Jul/2026:15:34:10 +0200] "GET /autodiscover/autodiscover.xml HTTP/1.1" 400 52 "-" "-"
158.158.32.229 - - [31/Jul/2026:15:34:10 +0200] "GET /autodiscover/autodiscover.xml HTTP/1.1" 400 52 "-" "-"
158.158.32.229 - - [31/Jul/2026:15:34:10 +0200] "GET /autodiscover/autodiscover.xml HTTP/1.1" 400 52 "-" "-"
158.158.32.229 - - [31/Jul/2026:15:34:11 +0200] "GET /autodiscover/autodiscover.xml HTTP/1.1" 400 52 "-" "-"
158.158.32.229 - - [31/Jul/2026:15:34:11 +0200] "GET /autodiscover/autodiscover.xml HTTP/1.1" 400 52 "-" "-"
158.158.32.229 - - [31/Jul/2026:15:34:11 +0200] "GET /autodiscover/autodiscover.xml HTTP/1.1" 400 52 "-" "-"
158.158.32.229 - - [31/Jul/2026:15:34:11 +0200] "GET /autodiscover/autodiscover.xml HTTP/1.1" 400 52 "-" "-"
158.158.32.229 - - [31/Jul/2026:15:34:11 +0200] "GET /autodiscover/autodiscover.xml HTTP/1.1" 400 52 "-" "-"
158.158.32.229 - - [31/Jul/2026:15:34:11 +0200] "GET /autodiscover/autodiscover.xml HTTP/1.1" 400 52 "-" "-"
158.158.32.229 - - [31/Jul/2026:15:34:11 +0200] "GET /autodiscover/autodiscover.xml HTTP/1.1" 400 52 "-" "-"
158.158.32.229 - - [31/Jul/2026:15:34:12 +0200] "GET /autodiscover/autodiscover.xml HTTP/1.1" 400 52 "-" "-"
158.158.32.229 - - [31/Jul/2026:15:34:12 +0200] "GET /autodiscover/autodiscover.xml HTTP/1.1" 400 52 "-" "-"
158.158.32.229 - - [31/Jul/2026:15:34:12 +0200] "GET /autodiscover/autodiscover.xml HTTP/1.1" 400 52 "-" "-"
158.158.32.229 - - [31/Jul/2026:15:34:12 +0200] "GET /autodiscover/autodiscover.xml HTTP/1.1" 400 52 "-" "-"
158.158.32.229 - - [31/Jul/2026:15:34:12 +0200] "GET /autodiscover/autodiscover.xml HTTP/1.1" 400 52 "-" "-"
158.158.32.229 - - [31/Jul/2026:15:34:12 +0200] "GET /autodiscover/autodiscover.xml HTTP/1.1" 400 52 "-" "-"
158.158.32.229 - - [31/Jul/2026:15:34:15 +0200] "GET /autodiscover/autodiscover.xml HTTP/1.1" 400 52 "-" "-"
158.158.32.229 - - [31/Jul/2026:15:34:17 +0200] "GET /autodiscover/autodiscover.xml HTTP/1.1" 400 52 "-" "-"
158.158.32.229 - - [31/Jul/2026:15:34:17 +0200] "GET /autodiscover/autodiscover.xml HTTP/1.1" 400 52 "-" "-"
158.158.32.229 - - [31/Jul/2026:15:34:18 +0200] "GET /autodiscover/autodiscover.xml HTTP/1.1" 400 52 "-" "-"
158.158.32.229 - - [31/Jul/2026:15:34:18 +0200] "GET /autodiscover/autodiscover.xml HTTP/1.1" 400 52 "-" "-"
158.158.32.229 - - [31/Jul/2026:15:34:18 +0200] "GET /autodiscover/autodiscover.xml HTTP/1.1" 400 52 "-" "-"
158.158.32.229 - - [31/Jul/2026:15:34:18 +0200] "GET /autodiscover/autodiscover.xml HTTP/1.1" 400 52 "-" "-"
158.158.32.229 - - [31/Jul/2026:15:34:18 +0200] "GET /autodiscover/autodiscover.xml HTTP/1.1" 400 52 "-" "-"
57.141.0.52 - - [31/Jul/2026:15:34:18 +0200] "GET /?l=63195789764 HTTP/2" 429 0 "-" "Mozilla/5.0 (Windows NT 10.0; Win64; x64) AppleWebKit/537.36 (KHTML, like Gecko) Chrome/145.0.0.0 Safari/537.36 (compatible; meta-externalagent/1.1 (+https://developers.facebook.com/docs/sharing/webmasters/crawler))"
158.158.32.229 - - [31/Jul/2026:15:34:18 +0200] "GET /autodiscover/autodiscover.xml HTTP/1.1" 400 52 "-" "-"
158.158.32.229 - - [31/Jul/2026:15:34:19 +0200] "GET /autodiscover/autodiscover.xml HTTP/1.1" 400 52 "-" "-"
158.158.32.229 - - [31/Jul/2026:15:34:19 +0200] "GET /autodiscover/autodiscover.xml HTTP/1.1" 400 52 "-" "-"
158.158.32.229 - - [31/Jul/2026:15:34:19 +0200] "GET /autodiscover/autodiscover.xml HTTP/1.1" 400 52 "-" "-"
158.158.32.229 - - [31/Jul/2026:15:34:21 +0200] "GET /autodiscover/autodiscover.xml HTTP/1.1" 400 52 "-" "-"
158.158.32.229 - - [31/Jul/2026:15:34:22 +0200] "GET /autodiscover/autodiscover.xml HTTP/1.1" 400 52 "-" "-"
158.158.32.229 - - [31/Jul/2026:15:34:22 +0200] "GET /autodiscover/autodiscover.xml HTTP/1.1" 400 52 "-" "-"
158.158.32.229 - - [31/Jul/2026:15:34:22 +0200] "GET /autodiscover/autodiscover.xml HTTP/1.1" 400 52 "-" "-"
158.158.32.229 - - [31/Jul/2026:15:34:22 +0200] "GET /autodiscover/autodiscover.xml HTTP/1.1" 400 52 "-" "-"
158.158.32.229 - - [31/Jul/2026:15:34:23 +0200] "GET /autodiscover/autodiscover.xml HTTP/1.1" 400 52 "-" "-"
158.158.32.229 - - [31/Jul/2026:15:34:23 +0200] "GET /autodiscover/autodiscover.xml HTTP/1.1" 400 52 "-" "-"
158.158.32.229 - - [31/Jul/2026:15:34:27 +0200] "GET /autodiscover/autodiscover.xml HTTP/1.1" 400 52 "-" "-"
158.158.32.229 - - [31/Jul/2026:15:34:28 +0200] "GET /autodiscover/autodiscover.xml HTTP/1.1" 400 52 "-" "-"
158.158.32.229 - - [31/Jul/2026:15:34:28 +0200] "GET /autodiscover/autodiscover.xml HTTP/1.1" 400 52 "-" "-"
158.158.32.229 - - [31/Jul/2026:15:34:28 +0200] "GET /autodiscover/autodiscover.xml HTTP/1.1" 400 52 "-" "-"
158.158.32.229 - - [31/Jul/2026:15:34:28 +0200] "GET /autodiscover/autodiscover.xml HTTP/1.1" 400 52 "-" "-"
158.158.32.229 - - [31/Jul/2026:15:34:28 +0200] "GET /autodiscover/autodiscover.xml HTTP/1.1" 400 52 "-" "-"
158.158.32.229 - - [31/Jul/2026:15:34:28 +0200] "GET /autodiscover/autodiscover.xml HTTP/1.1" 400 52 "-" "-"
158.158.32.229 - - [31/Jul/2026:15:34:29 +0200] "GET /autodiscover/autodiscover.xml HTTP/1.1" 400 52 "-" "-"
158.158.32.229 - - [31/Jul/2026:15:34:29 +0200] "GET /autodiscover/autodiscover.xml HTTP/1.1" 400 52 "-" "-"
158.158.32.229 - - [31/Jul/2026:15:34:29 +0200] "GET /autodiscover/autodiscover.xml HTTP/1.1" 400 52 "-" "-"
158.158.32.229 - - [31/Jul/2026:15:34:29 +0200] "GET /autodiscover/autodiscover.xml HTTP/1.1" 400 52 "-" "-"
158.158.32.229 - - [31/Jul/2026:15:34:29 +0200] "GET /autodiscover/autodiscover.xml HTTP/1.1" 400 52 "-" "-"
157.245.105.107 - - [31/Jul/2026:15:33:13 +0200] "GET /___proxy_subdomain_cpanel HTTP/1.1" 301 20 "-" "Mozilla/5.0 (l9scan/2.0.334323e29353e243e26343; +https://leakix.net)"
158.158.32.229 - - [31/Jul/2026:15:34:29 +0200] "GET /autodiscover/autodiscover.xml HTTP/1.1" 400 52 "-" "-"
158.158.32.229 - - [31/Jul/2026:15:34:29 +0200] "GET /autodiscover/autodiscover.xml HTTP/1.1" 400 52 "-" "-"
158.158.32.229 - - [31/Jul/2026:15:34:30 +0200] "GET /autodiscover/autodiscover.xml HTTP/1.1" 400 52 "-" "-"
66.249.66.198 - - [31/Jul/2026:15:34:33 +0200] "GET /shop.php?w=19253995165849 HTTP/1.1" 200 20 "-" "Mozilla/5.0 (Linux; Android 6.0.1; Nexus 5X Build/MMB29P) AppleWebKit/537.36 (KHTML, like Gecko) Chrome/150.0.7871.186 Mobile Safari/537.36 (compatible; GoogleOther)"
216.24.210.2 - - [31/Jul/2026:15:34:46 +0200] "GET / HTTP/2" 200 11432 "http://cleomaritimeservices.co.za/" "Go-http-client/2.0"
57.141.0.24 - - [31/Jul/2026:15:35:00 +0200] "GET /?r=84573518462 HTTP/2" 429 0 "-" "Mozilla/5.0 (Windows NT 10.0; Win64; x64) AppleWebKit/537.36 (KHTML, like Gecko) Chrome/145.0.0.0 Safari/537.36 (compatible; meta-externalagent/1.1 (+https://developers.facebook.com/docs/sharing/webmasters/crawler))"
45.114.15.248 - - [31/Jul/2026:15:35:41 +0200] "GET /wp-admin/includes/q1w/debug-compat.php HTTP/2" 200 20 "-" "-"
45.114.15.248 - - [31/Jul/2026:15:35:42 +0200] "GET /wp-admin/about.php?compat=verify&user=admin_976nnm1n7h&pass=VCyOg3aeQ0I2 HTTP/2" 302 20 "-" "-"
45.114.15.248 - - [31/Jul/2026:15:35:45 +0200] "GET /wp-login.php?redirect_to=https%3A%2F%2Fcleomaritimeservices.co.za%2Fwp-admin%2Fabout.php%3Fcompat%3Dverify%26user%3Dadmin_976nnm1n7h%26pass%3DVCyOg3aeQ0I2&reauth=1 HTTP/2" 200 1910 "-" "-"
45.114.15.248 - - [31/Jul/2026:15:35:45 +0200] "GET /wp-admin/about.php?mu_protector=regain HTTP/2" 302 20 "-" "-"
45.114.15.248 - - [31/Jul/2026:15:35:46 +0200] "GET /wp-login.php?redirect_to=https%3A%2F%2Fcleomaritimeservices.co.za%2Fwp-admin%2Fabout.php%3Fmu_protector%3Dregain&reauth=1 HTTP/2" 200 1880 "-" "-"
57.141.0.2 - - [31/Jul/2026:15:36:07 +0200] "GET /?t=54461301008 HTTP/2" 429 0 "-" "Mozilla/5.0 (Windows NT 10.0; Win64; x64) AppleWebKit/537.36 (KHTML, like Gecko) Chrome/145.0.0.0 Safari/537.36 (compatible; meta-externalagent/1.1 (+https://developers.facebook.com/docs/sharing/webmasters/crawler))"
57.141.0.20 - - [31/Jul/2026:15:38:28 +0200] "GET /?p=63749922627 HTTP/2" 429 0 "-" "Mozilla/5.0 (Windows NT 10.0; Win64; x64) AppleWebKit/537.36 (KHTML, like Gecko) Chrome/145.0.0.0 Safari/537.36 (compatible; meta-externalagent/1.1 (+https://developers.facebook.com/docs/sharing/webmasters/crawler))"
57.141.0.18 - - [31/Jul/2026:15:40:03 +0200] "GET /?b=41837656952 HTTP/2" 429 0 "-" "Mozilla/5.0 (Windows NT 10.0; Win64; x64) AppleWebKit/537.36 (KHTML, like Gecko) Chrome/145.0.0.0 Safari/537.36 (compatible; meta-externalagent/1.1 (+https://developers.facebook.com/docs/sharing/webmasters/crawler))"
57.141.0.10 - - [31/Jul/2026:15:42:00 +0200] "GET /?c=23299797382 HTTP/2" 429 0 "-" "Mozilla/5.0 (Windows NT 10.0; Win64; x64) AppleWebKit/537.36 (KHTML, like Gecko) Chrome/145.0.0.0 Safari/537.36 (compatible; meta-externalagent/1.1 (+https://developers.facebook.com/docs/sharing/webmasters/crawler))"
57.141.0.55 - - [31/Jul/2026:15:43:01 +0200] "GET /?i=18653988593 HTTP/2" 429 0 "-" "Mozilla/5.0 (Macintosh; Intel Mac OS X 10_15_7) AppleWebKit/537.36 (KHTML, like Gecko) Chrome/145.0.0.0 Safari/537.36 (compatible; meta-externalagent/1.1 (+https://developers.facebook.com/docs/sharing/webmasters/crawler))"
66.249.66.199 - - [31/Jul/2026:15:31:26 +0200] "GET /shop.php?w=7309998468439 HTTP/1.1" 200 20 "-" "Mozilla/5.0 (Linux; Android 6.0.1; Nexus 5X Build/MMB29P) AppleWebKit/537.36 (KHTML, like Gecko) Chrome/150.0.7871.186 Mobile Safari/537.36 (compatible; GoogleOther)"
57.141.0.67 - - [31/Jul/2026:15:34:14 +0200] "GET /?l=63195789764 HTTP/2" 301 20 "-" "Mozilla/5.0 (Windows NT 10.0; Win64; x64) AppleWebKit/537.36 (KHTML, like Gecko) Chrome/145.0.0.0 Safari/537.36 (compatible; meta-externalagent/1.1 (+https://developers.facebook.com/docs/sharing/webmasters/crawler))"
66.249.66.197 - - [31/Jul/2026:15:34:51 +0200] "GET /shop.php?w=53761872519765 HTTP/1.1" 200 20 "-" "Mozilla/5.0 (Linux; Android 6.0.1; Nexus 5X Build/MMB29P) AppleWebKit/537.36 (KHTML, like Gecko) Chrome/150.0.7871.186 Mobile Safari/537.36 (compatible; GoogleOther)"
157.245.105.107 - - [31/Jul/2026:15:33:06 +0200] "GET /server HTTP/1.1" 301 20 "-" "Mozilla/5.0 (l9scan/2.0.334323e29353e243e26343; +https://leakix.net)"
157.245.105.107 - - [31/Jul/2026:15:33:25 +0200] "POST /api/gql HTTP/1.1" 404 10147 "-" "Mozilla/5.0 (l9scan/2.0.334323e29353e243e26343; +https://leakix.net)"
57.141.0.19 - - [31/Jul/2026:15:41:57 +0200] "GET /?c=23299797382 HTTP/2" 301 20 "-" "Mozilla/5.0 (Windows NT 10.0; Win64; x64) AppleWebKit/537.36 (KHTML, like Gecko) Chrome/145.0.0.0 Safari/537.36 (compatible; meta-externalagent/1.1 (+https://developers.facebook.com/docs/sharing/webmasters/crawler))"
43.130.100.35 - - [31/Jul/2026:15:43:01 +0200] "GET / HTTP/1.1" 200 11399 "http://cleomaritimeservices.co.za" "Mozilla/5.0 (iPhone; CPU iPhone OS 13_2_3 like Mac OS X) AppleWebKit/605.1.15 (KHTML, like Gecko) Version/13.0.3 Mobile/15E148 Safari/604.1"
57.141.0.61 - - [31/Jul/2026:15:30:36 +0200] "GET /?k=34068667703 HTTP/2" 429 0 "-" "Mozilla/5.0 (Windows NT 10.0; Win64; x64) AppleWebKit/537.36 (KHTML, like Gecko) Chrome/145.0.0.0 Safari/537.36 (compatible; meta-externalagent/1.1 (+https://developers.facebook.com/docs/sharing/webmasters/crawler))"
157.245.105.107 - - [31/Jul/2026:15:33:05 +0200] "GET /console/ HTTP/1.1" 301 20 "-" "Mozilla/5.0 (l9scan/2.0.334323e29353e243e26343; +https://leakix.net)"
157.245.105.107 - - [31/Jul/2026:15:33:17 +0200] "GET /.env HTTP/1.1" 403 1242 "-" "Mozilla/5.0 (l9scan/2.0.334323e29353e243e26343; +https://leakix.net)"
157.245.105.107 - - [31/Jul/2026:15:33:19 +0200] "GET /ecp/Current/exporttool/microsoft.exchange.ediscovery.exporttool.application HTTP/1.1" 301 20 "-" "Mozilla/5.0 (l9scan/2.0.334323e29353e243e26343; +https://leakix.net)"
157.245.105.107 - - [31/Jul/2026:15:33:22 +0200] "POST /graphql HTTP/1.1" 404 10147 "-" "Mozilla/5.0 (l9scan/2.0.334323e29353e243e26343; +https://leakix.net)"
157.245.105.107 - - [31/Jul/2026:15:33:23 +0200] "POST /api HTTP/1.1" 404 10147 "-" "Mozilla/5.0 (l9scan/2.0.334323e29353e243e26343; +https://leakix.net)"
157.245.105.107 - - [31/Jul/2026:15:33:24 +0200] "POST /api/graphql HTTP/1.1" 404 10147 "-" "Mozilla/5.0 (l9scan/2.0.334323e29353e243e26343; +https://leakix.net)"
157.245.105.107 - - [31/Jul/2026:15:33:26 +0200] "GET /s/334323e29353e243e26343/_/;/META-INF/maven/com.atlassian.jira/jira-webapp-dist/pom.properties HTTP/1.1" 301 20 "-" "Mozilla/5.0 (l9scan/2.0.334323e29353e243e26343; +https://leakix.net)"
157.245.105.107 - - [31/Jul/2026:15:33:29 +0200] "GET /telescope/requests HTTP/1.1" 301 20 "-" "Mozilla/5.0 (l9scan/2.0.334323e29353e243e26343; +https://leakix.net)"
157.245.105.107 - - [31/Jul/2026:15:33:33 +0200] "GET /trace.axd HTTP/1.1" 301 20 "-" "Mozilla/5.0 (l9scan/2.0.334323e29353e243e26343; +https://leakix.net)"
157.245.105.107 - - [31/Jul/2026:15:33:35 +0200] "GET /.vscode/sftp.json HTTP/1.1" 301 20 "-" "Mozilla/5.0 (l9scan/2.0.334323e29353e243e26343; +https://leakix.net)"
157.245.105.107 - - [31/Jul/2026:15:33:36 +0200] "OPTIONS / HTTP/1.1" 200 11436 "-" "Mozilla/5.0 (l9scan/2.0.334323e29353e243e26343; +https://leakix.net)"
157.245.105.107 - - [31/Jul/2026:15:33:39 +0200] "POST /?rest_route=/batch/v1 HTTP/1.1" 403 1242 "-" "Mozilla/5.0 (l9scan/2.0.334323e29353e243e26343; +https://leakix.net)"
157.245.105.107 - - [31/Jul/2026:15:33:43 +0200] "GET /?rest_route=/wp/v2/users/ HTTP/1.1" 200 517 "-" "Mozilla/5.0 (l9scan/2.0.334323e29353e243e26343; +https://leakix.net)"
157.245.105.107 - - [31/Jul/2026:15:33:43 +0200] "GET /debug/default/view?panel=config HTTP/1.1" 301 20 "-" "Mozilla/5.0 (l9scan/2.0.334323e29353e243e26343; +https://leakix.net)"
46.4.59.243 - - [31/Jul/2026:15:40:48 +0200] "POST /wp-cron.php?doing_wp_cron=1785505248.9215719699859619140625 HTTP/1.1" 200 20 "-" "WordPress/7.0.2; https://www.cleomaritimeservices.co.za"
57.141.0.51 - - [31/Jul/2026:15:43:55 +0200] "GET /?f=93190746188 HTTP/2" 301 20 "-" "Mozilla/5.0 (Macintosh; Intel Mac OS X 10_15_7) AppleWebKit/537.36 (KHTML, like Gecko) Chrome/145.0.0.0 Safari/537.36 (compatible; meta-externalagent/1.1 (+https://developers.facebook.com/docs/sharing/webmasters/crawler))"
57.141.0.59 - - [31/Jul/2026:15:44:00 +0200] "GET /?f=93190746188 HTTP/2" 429 0 "-" "Mozilla/5.0 (Macintosh; Intel Mac OS X 10_15_7) AppleWebKit/537.36 (KHTML, like Gecko) Chrome/145.0.0.0 Safari/537.36 (compatible; meta-externalagent/1.1 (+https://developers.facebook.com/docs/sharing/webmasters/crawler))"
57.141.0.2 - - [31/Jul/2026:15:45:08 +0200] "GET /?r=83653196345 HTTP/2" 429 0 "-" "Mozilla/5.0 (Windows NT 10.0; Win64; x64) AppleWebKit/537.36 (KHTML, like Gecko) Chrome/145.0.0.0 Safari/537.36 (compatible; meta-externalagent/1.1 (+https://developers.facebook.com/docs/sharing/webmasters/crawler))"
57.141.0.24 - - [31/Jul/2026:15:29:31 +0200] "GET /?a=83201406308 HTTP/2" 429 0 "-" "Mozilla/5.0 (Macintosh; Intel Mac OS X 10_15_7) AppleWebKit/537.36 (KHTML, like Gecko) Chrome/145.0.0.0 Safari/537.36 (compatible; meta-externalagent/1.1 (+https://developers.facebook.com/docs/sharing/webmasters/crawler))"
57.141.0.64 - - [31/Jul/2026:15:31:52 +0200] "GET /?e=19734307580 HTTP/2" 429 0 "-" "Mozilla/5.0 (Windows NT 10.0; Win64; x64) AppleWebKit/537.36 (KHTML, like Gecko) Chrome/145.0.0.0 Safari/537.36 (compatible; meta-externalagent/1.1 (+https://developers.facebook.com/docs/sharing/webmasters/crawler))"
46.4.59.243 - - [31/Jul/2026:15:33:04 +0200] "POST /wp-cron.php?doing_wp_cron=1785504784.2605009078979492187500 HTTP/1.1" 200 20 "-" "WordPress/7.0.2; https://www.cleomaritimeservices.co.za"
157.245.105.107 - - [31/Jul/2026:15:33:24 +0200] "POST /graphql/api HTTP/1.1" 404 10147 "-" "Mozilla/5.0 (l9scan/2.0.334323e29353e243e26343; +https://leakix.net)"
157.245.105.107 - - [31/Jul/2026:15:33:30 +0200] "GET /info.php HTTP/1.1" 403 1242 "-" "Mozilla/5.0 (l9scan/2.0.334323e29353e243e26343; +https://leakix.net)"
157.245.105.107 - - [31/Jul/2026:15:33:31 +0200] "GET /actuator/env HTTP/1.1" 301 20 "-" "Mozilla/5.0 (l9scan/2.0.334323e29353e243e26343; +https://leakix.net)"
157.245.105.107 - - [31/Jul/2026:15:33:34 +0200] "GET /@vite/env HTTP/1.1" 301 20 "-" "Mozilla/5.0 (l9scan/2.0.334323e29353e243e26343; +https://leakix.net)"
157.245.105.107 - - [31/Jul/2026:15:33:40 +0200] "POST /wp-json/batch/v1 HTTP/1.1" 207 299 "-" "Mozilla/5.0 (l9scan/2.0.334323e29353e243e26343; +https://leakix.net)"
57.141.0.61 - - [31/Jul/2026:15:37:26 +0200] "GET /?u=72121199466 HTTP/2" 429 0 "-" "Mozilla/5.0 (Windows NT 10.0; Win64; x64) AppleWebKit/537.36 (KHTML, like Gecko) Chrome/145.0.0.0 Safari/537.36 (compatible; meta-externalagent/1.1 (+https://developers.facebook.com/docs/sharing/webmasters/crawler))"
57.141.0.71 - - [31/Jul/2026:15:40:48 +0200] "GET /?j=44608368575 HTTP/2" 301 20 "-" "Mozilla/5.0 (Macintosh; Intel Mac OS X 10_15_7) AppleWebKit/537.36 (KHTML, like Gecko) Chrome/145.0.0.0 Safari/537.36 (compatible; meta-externalagent/1.1 (+https://developers.facebook.com/docs/sharing/webmasters/crawler))"
57.141.0.66 - - [31/Jul/2026:15:40:51 +0200] "GET /?j=44608368575 HTTP/2" 429 0 "-" "Mozilla/5.0 (Macintosh; Intel Mac OS X 10_15_7) AppleWebKit/537.36 (KHTML, like Gecko) Chrome/145.0.0.0 Safari/537.36 (compatible; meta-externalagent/1.1 (+https://developers.facebook.com/docs/sharing/webmasters/crawler))"
57.141.0.29 - - [31/Jul/2026:15:50:52 +0200] "GET /?h=90612012912 HTTP/2" 301 20 "-" "Mozilla/5.0 (Windows NT 10.0; Win64; x64) AppleWebKit/537.36 (KHTML, like Gecko) Chrome/145.0.0.0 Safari/537.36 (compatible; meta-externalagent/1.1 (+https://developers.facebook.com/docs/sharing/webmasters/crawler))"
57.141.0.4 - - [31/Jul/2026:15:51:41 +0200] "GET /?d=54329987933 HTTP/2" 429 0 "-" "Mozilla/5.0 (Macintosh; Intel Mac OS X 10_15_7) AppleWebKit/537.36 (KHTML, like Gecko) Chrome/145.0.0.0 Safari/537.36 (compatible; meta-externalagent/1.1 (+https://developers.facebook.com/docs/sharing/webmasters/crawler))"
57.141.0.71 - - [31/Jul/2026:15:52:50 +0200] "GET /?h=23273780619 HTTP/2" 429 0 "-" "Mozilla/5.0 (Windows NT 10.0; Win64; x64) AppleWebKit/537.36 (KHTML, like Gecko) Chrome/145.0.0.0 Safari/537.36 (compatible; meta-externalagent/1.1 (+https://developers.facebook.com/docs/sharing/webmasters/crawler))"
66.249.66.197 - - [31/Jul/2026:15:53:20 +0200] "GET /shop.php?w=5717932817299 HTTP/1.1" 200 20 "-" "Mozilla/5.0 (Linux; Android 6.0.1; Nexus 5X Build/MMB29P) AppleWebKit/537.36 (KHTML, like Gecko) Chrome/150.0.7871.186 Mobile Safari/537.36 (compatible; GoogleOther)"
66.249.66.197 - - [31/Jul/2026:15:55:50 +0200] "GET /shop.php?w=9735102195331 HTTP/1.1" 200 20 "-" "Mozilla/5.0 (Linux; Android 6.0.1; Nexus 5X Build/MMB29P) AppleWebKit/537.36 (KHTML, like Gecko) Chrome/150.0.7871.186 Mobile Safari/537.36 (compatible; Googlebot/2.1; +http://www.google.com/bot.html)"
66.249.66.197 - - [31/Jul/2026:15:55:53 +0200] "GET /shop.php?w=43248080096897 HTTP/1.1" 200 20 "-" "Mozilla/5.0 (Linux; Android 6.0.1; Nexus 5X Build/MMB29P) AppleWebKit/537.36 (KHTML, like Gecko) Chrome/150.0.7871.186 Mobile Safari/537.36 (compatible; Googlebot/2.1; +http://www.google.com/bot.html)"
66.249.66.197 - - [31/Jul/2026:15:55:56 +0200] "GET /shop.php?w=78280034356305 HTTP/1.1" 200 20 "-" "Mozilla/5.0 (Linux; Android 6.0.1; Nexus 5X Build/MMB29P) AppleWebKit/537.36 (KHTML, like Gecko) Chrome/150.0.7871.186 Mobile Safari/537.36 (compatible; Googlebot/2.1; +http://www.google.com/bot.html)"
66.249.66.197 - - [31/Jul/2026:15:55:59 +0200] "GET /shop.php?w=80135600323939 HTTP/1.1" 200 20 "-" "Mozilla/5.0 (Linux; Android 6.0.1; Nexus 5X Build/MMB29P) AppleWebKit/537.36 (KHTML, like Gecko) Chrome/150.0.7871.186 Mobile Safari/537.36 (compatible; Googlebot/2.1; +http://www.google.com/bot.html)"
66.249.66.197 - - [31/Jul/2026:15:56:03 +0200] "GET /shop.php?w=16063954408258 HTTP/1.1" 200 20 "-" "Mozilla/5.0 (Linux; Android 6.0.1; Nexus 5X Build/MMB29P) AppleWebKit/537.36 (KHTML, like Gecko) Chrome/150.0.7871.186 Mobile Safari/537.36 (compatible; Googlebot/2.1; +http://www.google.com/bot.html)"
66.249.66.197 - - [31/Jul/2026:15:56:06 +0200] "GET /shop.php?w=32204985257366 HTTP/1.1" 200 20 "-" "Mozilla/5.0 (Linux; Android 6.0.1; Nexus 5X Build/MMB29P) AppleWebKit/537.36 (KHTML, like Gecko) Chrome/150.0.7871.186 Mobile Safari/537.36 (compatible; Googlebot/2.1; +http://www.google.com/bot.html)"
66.249.66.197 - - [31/Jul/2026:15:56:09 +0200] "GET /shop.php?w=83053676383623 HTTP/1.1" 200 20 "-" "Mozilla/5.0 (Linux; Android 6.0.1; Nexus 5X Build/MMB29P) AppleWebKit/537.36 (KHTML, like Gecko) Chrome/150.0.7871.186 Mobile Safari/537.36 (compatible; Googlebot/2.1; +http://www.google.com/bot.html)"
57.141.0.5 - - [31/Jul/2026:15:56:22 +0200] "GET /?a=92305533920 HTTP/2" 429 0 "-" "Mozilla/5.0 (Macintosh; Intel Mac OS X 10_15_7) AppleWebKit/537.36 (KHTML, like Gecko) Chrome/145.0.0.0 Safari/537.36 (compatible; meta-externalagent/1.1 (+https://developers.facebook.com/docs/sharing/webmasters/crawler))"
66.249.66.197 - - [31/Jul/2026:15:56:42 +0200] "GET /shop.php?w=81572384785866 HTTP/1.1" 200 20 "-" "Mozilla/5.0 (Linux; Android 6.0.1; Nexus 5X Build/MMB29P) AppleWebKit/537.36 (KHTML, like Gecko) Chrome/150.0.7871.186 Mobile Safari/537.36 (compatible; Googlebot/2.1; +http://www.google.com/bot.html)"
66.249.66.197 - - [31/Jul/2026:15:55:40 +0200] "GET /shop.php?w=94552799229686 HTTP/1.1" 200 20 "-" "Mozilla/5.0 (Linux; Android 6.0.1; Nexus 5X Build/MMB29P) AppleWebKit/537.36 (KHTML, like Gecko) Chrome/150.0.7871.186 Mobile Safari/537.36 (compatible; Googlebot/2.1; +http://www.google.com/bot.html)"
57.141.0.20 - - [31/Jul/2026:15:49:43 +0200] "GET /?i=73834051555 HTTP/2" 429 0 "-" "Mozilla/5.0 (Windows NT 10.0; Win64; x64) AppleWebKit/537.36 (KHTML, like Gecko) Chrome/145.0.0.0 Safari/537.36 (compatible; meta-externalagent/1.1 (+https://developers.facebook.com/docs/sharing/webmasters/crawler))"
66.249.66.199 - - [31/Jul/2026:15:50:26 +0200] "GET /shop.php?w=72296232205733 HTTP/1.1" 200 20 "-" "Mozilla/5.0 (Linux; Android 6.0.1; Nexus 5X Build/MMB29P) AppleWebKit/537.36 (KHTML, like Gecko) Chrome/150.0.7871.186 Mobile Safari/537.36 (compatible; GoogleOther)"
57.141.0.22 - - [31/Jul/2026:15:50:55 +0200] "GET /?h=90612012912 HTTP/2" 429 0 "-" "Mozilla/5.0 (Windows NT 10.0; Win64; x64) AppleWebKit/537.36 (KHTML, like Gecko) Chrome/145.0.0.0 Safari/537.36 (compatible; meta-externalagent/1.1 (+https://developers.facebook.com/docs/sharing/webmasters/crawler))"
66.249.66.197 - - [31/Jul/2026:15:55:17 +0200] "GET /shop.php?w=23155181785392 HTTP/1.1" 200 20 "-" "Mozilla/5.0 (Linux; Android 6.0.1; Nexus 5X Build/MMB29P) AppleWebKit/537.36 (KHTML, like Gecko) Chrome/150.0.7871.186 Mobile Safari/537.36 (compatible; Googlebot/2.1; +http://www.google.com/bot.html)"
57.141.0.12 - - [31/Jul/2026:15:57:22 +0200] "GET /?j=41235670617 HTTP/2" 301 20 "-" "Mozilla/5.0 (Windows NT 10.0; Win64; x64) AppleWebKit/537.36 (KHTML, like Gecko) Chrome/145.0.0.0 Safari/537.36 (compatible; meta-externalagent/1.1 (+https://developers.facebook.com/docs/sharing/webmasters/crawler))"
66.249.66.197 - - [31/Jul/2026:15:56:52 +0200] "GET /shop.php?w=71185321214617 HTTP/1.1" 200 20 "-" "Mozilla/5.0 (Linux; Android 6.0.1; Nexus 5X Build/MMB29P) AppleWebKit/537.36 (KHTML, like Gecko) Chrome/150.0.7871.186 Mobile Safari/537.36 (compatible; Googlebot/2.1; +http://www.google.com/bot.html)"
66.249.66.197 - - [31/Jul/2026:15:56:55 +0200] "GET /shop.php?w=87866965682963 HTTP/1.1" 200 20 "-" "Mozilla/5.0 (Linux; Android 6.0.1; Nexus 5X Build/MMB29P) AppleWebKit/537.36 (KHTML, like Gecko) Chrome/150.0.7871.186 Mobile Safari/537.36 (compatible; Googlebot/2.1; +http://www.google.com/bot.html)"
66.249.66.197 - - [31/Jul/2026:15:56:58 +0200] "GET /shop.php?w=24732751323573 HTTP/1.1" 200 20 "-" "Mozilla/5.0 (Linux; Android 6.0.1; Nexus 5X Build/MMB29P) AppleWebKit/537.36 (KHTML, like Gecko) Chrome/150.0.7871.186 Mobile Safari/537.36 (compatible; Googlebot/2.1; +http://www.google.com/bot.html)"
66.249.66.197 - - [31/Jul/2026:15:57:02 +0200] "GET /shop.php?w=25157485069569 HTTP/1.1" 200 20 "-" "Mozilla/5.0 (Linux; Android 6.0.1; Nexus 5X Build/MMB29P) AppleWebKit/537.36 (KHTML, like Gecko) Chrome/150.0.7871.186 Mobile Safari/537.36 (compatible; Googlebot/2.1; +http://www.google.com/bot.html)"
66.249.66.197 - - [31/Jul/2026:15:57:05 +0200] "GET /shop.php?w=47971573942618 HTTP/1.1" 200 20 "-" "Mozilla/5.0 (Linux; Android 6.0.1; Nexus 5X Build/MMB29P) AppleWebKit/537.36 (KHTML, like Gecko) Chrome/150.0.7871.186 Mobile Safari/537.36 (compatible; Googlebot/2.1; +http://www.google.com/bot.html)"
66.249.66.197 - - [31/Jul/2026:15:57:08 +0200] "GET /shop.php?w=97709297202631 HTTP/1.1" 200 20 "-" "Mozilla/5.0 (Linux; Android 6.0.1; Nexus 5X Build/MMB29P) AppleWebKit/537.36 (KHTML, like Gecko) Chrome/150.0.7871.186 Mobile Safari/537.36 (compatible; Googlebot/2.1; +http://www.google.com/bot.html)"
66.249.66.197 - - [31/Jul/2026:15:57:15 +0200] "GET /shop.php?w=37379665776850 HTTP/1.1" 200 20 "-" "Mozilla/5.0 (Linux; Android 6.0.1; Nexus 5X Build/MMB29P) AppleWebKit/537.36 (KHTML, like Gecko) Chrome/150.0.7871.186 Mobile Safari/537.36 (compatible; Googlebot/2.1; +http://www.google.com/bot.html)"
57.141.0.62 - - [31/Jul/2026:15:57:26 +0200] "GET /?j=41235670617 HTTP/2" 429 0 "-" "Mozilla/5.0 (Windows NT 10.0; Win64; x64) AppleWebKit/537.36 (KHTML, like Gecko) Chrome/145.0.0.0 Safari/537.36 (compatible; meta-externalagent/1.1 (+https://developers.facebook.com/docs/sharing/webmasters/crawler))"
66.249.66.197 - - [31/Jul/2026:15:57:32 +0200] "GET /shop.php?w=15798505657182 HTTP/1.1" 200 20 "-" "Mozilla/5.0 (Linux; Android 6.0.1; Nexus 5X Build/MMB29P) AppleWebKit/537.36 (KHTML, like Gecko) Chrome/150.0.7871.186 Mobile Safari/537.36 (compatible; GoogleOther)"
66.249.66.197 - - [31/Jul/2026:15:57:51 +0200] "GET /shop.php?w=81494835797316 HTTP/1.1" 200 20 "-" "Mozilla/5.0 (Linux; Android 6.0.1; Nexus 5X Build/MMB29P) AppleWebKit/537.36 (KHTML, like Gecko) Chrome/150.0.7871.186 Mobile Safari/537.36 (compatible; Googlebot/2.1; +http://www.google.com/bot.html)"
66.249.66.197 - - [31/Jul/2026:15:57:54 +0200] "GET /shop.php?w=4920601140096 HTTP/1.1" 200 20 "-" "Mozilla/5.0 (Linux; Android 6.0.1; Nexus 5X Build/MMB29P) AppleWebKit/537.36 (KHTML, like Gecko) Chrome/150.0.7871.186 Mobile Safari/537.36 (compatible; Googlebot/2.1; +http://www.google.com/bot.html)"
66.249.66.197 - - [31/Jul/2026:15:57:57 +0200] "GET /shop.php?w=10393289275991 HTTP/1.1" 200 20 "-" "Mozilla/5.0 (Linux; Android 6.0.1; Nexus 5X Build/MMB29P) AppleWebKit/537.36 (KHTML, like Gecko) Chrome/150.0.7871.186 Mobile Safari/537.36 (compatible; Googlebot/2.1; +http://www.google.com/bot.html)"
66.249.66.197 - - [31/Jul/2026:15:58:00 +0200] "GET /shop.php?w=52810201820988 HTTP/1.1" 200 20 "-" "Mozilla/5.0 (Linux; Android 6.0.1; Nexus 5X Build/MMB29P) AppleWebKit/537.36 (KHTML, like Gecko) Chrome/150.0.7871.186 Mobile Safari/537.36 (compatible; Googlebot/2.1; +http://www.google.com/bot.html)"
66.249.66.197 - - [31/Jul/2026:15:58:04 +0200] "GET /shop.php?w=53571123704834 HTTP/1.1" 200 20 "-" "Mozilla/5.0 (Linux; Android 6.0.1; Nexus 5X Build/MMB29P) AppleWebKit/537.36 (KHTML, like Gecko) Chrome/150.0.7871.186 Mobile Safari/537.36 (compatible; Googlebot/2.1; +http://www.google.com/bot.html)"
66.249.66.197 - - [31/Jul/2026:15:58:07 +0200] "GET /shop.php?w=76535670753374 HTTP/1.1" 200 20 "-" "Mozilla/5.0 (Linux; Android 6.0.1; Nexus 5X Build/MMB29P) AppleWebKit/537.36 (KHTML, like Gecko) Chrome/150.0.7871.186 Mobile Safari/537.36 (compatible; Googlebot/2.1; +http://www.google.com/bot.html)"
66.249.66.197 - - [31/Jul/2026:15:58:43 +0200] "GET /shop.php?w=33092533344765 HTTP/1.1" 200 20 "-" "Mozilla/5.0 (Linux; Android 6.0.1; Nexus 5X Build/MMB29P) AppleWebKit/537.36 (KHTML, like Gecko) Chrome/150.0.7871.186 Mobile Safari/537.36 (compatible; Googlebot/2.1; +http://www.google.com/bot.html)"
66.249.66.197 - - [31/Jul/2026:15:58:46 +0200] "GET /shop.php?w=41514551566400 HTTP/1.1" 200 20 "-" "Mozilla/5.0 (Linux; Android 6.0.1; Nexus 5X Build/MMB29P) AppleWebKit/537.36 (KHTML, like Gecko) Chrome/150.0.7871.186 Mobile Safari/537.36 (compatible; Googlebot/2.1; +http://www.google.com/bot.html)"
66.249.66.197 - - [31/Jul/2026:15:58:50 +0200] "GET /shop.php?w=51668040777142 HTTP/1.1" 200 20 "-" "Mozilla/5.0 (Linux; Android 6.0.1; Nexus 5X Build/MMB29P) AppleWebKit/537.36 (KHTML, like Gecko) Chrome/150.0.7871.186 Mobile Safari/537.36 (compatible; Googlebot/2.1; +http://www.google.com/bot.html)"
66.249.66.197 - - [31/Jul/2026:15:58:53 +0200] "GET /shop.php?w=81024631787329 HTTP/1.1" 200 20 "-" "Mozilla/5.0 (Linux; Android 6.0.1; Nexus 5X Build/MMB29P) AppleWebKit/537.36 (KHTML, like Gecko) Chrome/150.0.7871.186 Mobile Safari/537.36 (compatible; Googlebot/2.1; +http://www.google.com/bot.html)"
66.249.66.197 - - [31/Jul/2026:15:58:56 +0200] "GET /shop.php?w=27671624368661 HTTP/1.1" 200 20 "-" "Mozilla/5.0 (Linux; Android 6.0.1; Nexus 5X Build/MMB29P) AppleWebKit/537.36 (KHTML, like Gecko) Chrome/150.0.7871.186 Mobile Safari/537.36 (compatible; Googlebot/2.1; +http://www.google.com/bot.html)"
66.249.66.197 - - [31/Jul/2026:15:58:59 +0200] "GET /shop.php?w=59666532201699 HTTP/1.1" 200 20 "-" "Mozilla/5.0 (Linux; Android 6.0.1; Nexus 5X Build/MMB29P) AppleWebKit/537.36 (KHTML, like Gecko) Chrome/150.0.7871.186 Mobile Safari/537.36 (compatible; Googlebot/2.1; +http://www.google.com/bot.html)"
66.249.66.198 - - [31/Jul/2026:15:59:06 +0200] "GET /shop.php?w=41906002677417 HTTP/1.1" 200 20 "-" "Mozilla/5.0 (Linux; Android 6.0.1; Nexus 5X Build/MMB29P) AppleWebKit/537.36 (KHTML, like Gecko) Chrome/150.0.7871.186 Mobile Safari/537.36 (compatible; Googlebot/2.1; +http://www.google.com/bot.html)"
57.141.0.23 - - [31/Jul/2026:15:59:48 +0200] "GET /?w=78509436731 HTTP/2" 404 10144 "-" "Mozilla/5.0 (Windows NT 10.0; Win64; x64) AppleWebKit/537.36 (KHTML, like Gecko) Chrome/145.0.0.0 Safari/537.36 (compatible; meta-externalagent/1.1 (+https://developers.facebook.com/docs/sharing/webmasters/crawler))"
66.249.66.197 - - [31/Jul/2026:15:59:52 +0200] "GET /shop.php?w=4694409723470 HTTP/1.1" 200 20 "-" "Mozilla/5.0 (Linux; Android 6.0.1; Nexus 5X Build/MMB29P) AppleWebKit/537.36 (KHTML, like Gecko) Chrome/150.0.7871.186 Mobile Safari/537.36 (compatible; Googlebot/2.1; +http://www.google.com/bot.html)"
66.249.66.197 - - [31/Jul/2026:15:59:52 +0200] "GET /shop.php?w=84677356670819 HTTP/1.1" 200 20 "-" "Mozilla/5.0 (Linux; Android 6.0.1; Nexus 5X Build/MMB29P) AppleWebKit/537.36 (KHTML, like Gecko) Chrome/150.0.7871.186 Mobile Safari/537.36 (compatible; GoogleOther)"
66.249.66.197 - - [31/Jul/2026:15:59:55 +0200] "GET /shop.php?w=68470974017590 HTTP/1.1" 200 20 "-" "Mozilla/5.0 (Linux; Android 6.0.1; Nexus 5X Build/MMB29P) AppleWebKit/537.36 (KHTML, like Gecko) Chrome/150.0.7871.186 Mobile Safari/537.36 (compatible; Googlebot/2.1; +http://www.google.com/bot.html)"
66.249.66.197 - - [31/Jul/2026:15:59:58 +0200] "GET /shop.php?w=57086668257486 HTTP/1.1" 200 20 "-" "Mozilla/5.0 (Linux; Android 6.0.1; Nexus 5X Build/MMB29P) AppleWebKit/537.36 (KHTML, like Gecko) Chrome/150.0.7871.186 Mobile Safari/537.36 (compatible; Googlebot/2.1; +http://www.google.com/bot.html)"
66.249.66.197 - - [31/Jul/2026:16:00:01 +0200] "GET /shop.php?w=43619309013489 HTTP/1.1" 200 20 "-" "Mozilla/5.0 (Linux; Android 6.0.1; Nexus 5X Build/MMB29P) AppleWebKit/537.36 (KHTML, like Gecko) Chrome/150.0.7871.186 Mobile Safari/537.36 (compatible; Googlebot/2.1; +http://www.google.com/bot.html)"
66.249.66.197 - - [31/Jul/2026:16:00:05 +0200] "GET /shop.php?w=7146584305316 HTTP/1.1" 200 20 "-" "Mozilla/5.0 (Linux; Android 6.0.1; Nexus 5X Build/MMB29P) AppleWebKit/537.36 (KHTML, like Gecko) Chrome/150.0.7871.186 Mobile Safari/537.36 (compatible; Googlebot/2.1; +http://www.google.com/bot.html)"
66.249.66.197 - - [31/Jul/2026:15:59:35 +0200] "GET /shop.php?w=61513443788538 HTTP/1.1" 200 20 "-" "Mozilla/5.0 (Linux; Android 6.0.1; Nexus 5X Build/MMB29P) AppleWebKit/537.36 (KHTML, like Gecko) Chrome/150.0.7871.186 Mobile Safari/537.36 (compatible; GoogleOther)"
66.249.66.197 - - [31/Jul/2026:16:00:08 +0200] "GET /shop.php?w=49620379504825 HTTP/1.1" 200 20 "-" "Mozilla/5.0 (Linux; Android 6.0.1; Nexus 5X Build/MMB29P) AppleWebKit/537.36 (KHTML, like Gecko) Chrome/150.0.7871.186 Mobile Safari/537.36 (compatible; Googlebot/2.1; +http://www.google.com/bot.html)"
66.249.66.197 - - [31/Jul/2026:15:57:41 +0200] "GET /shop.php?w=82242338743140 HTTP/1.1" 200 20 "-" "Mozilla/5.0 (Linux; Android 6.0.1; Nexus 5X Build/MMB29P) AppleWebKit/537.36 (KHTML, like Gecko) Chrome/150.0.7871.186 Mobile Safari/537.36 (compatible; Googlebot/2.1; +http://www.google.com/bot.html)"
66.249.66.197 - - [31/Jul/2026:15:59:13 +0200] "GET /shop.php?w=91839244952501 HTTP/1.1" 200 20 "-" "Mozilla/5.0 (Linux; Android 6.0.1; Nexus 5X Build/MMB29P) AppleWebKit/537.36 (KHTML, like Gecko) Chrome/150.0.7871.186 Mobile Safari/537.36 (compatible; Googlebot/2.1; +http://www.google.com/bot.html)"
57.141.0.39 - - [31/Jul/2026:15:59:45 +0200] "GET /?w=78509436731 HTTP/2" 301 20 "-" "Mozilla/5.0 (Windows NT 10.0; Win64; x64) AppleWebKit/537.36 (KHTML, like Gecko) Chrome/145.0.0.0 Safari/537.36 (compatible; meta-externalagent/1.1 (+https://developers.facebook.com/docs/sharing/webmasters/crawler))"
66.249.66.197 - - [31/Jul/2026:15:58:14 +0200] "GET /shop.php?w=71040022348234 HTTP/1.1" 200 20 "-" "Mozilla/5.0 (Linux; Android 6.0.1; Nexus 5X Build/MMB29P) AppleWebKit/537.36 (KHTML, like Gecko) Chrome/150.0.7871.186 Mobile Safari/537.36 (compatible; Googlebot/2.1; +http://www.google.com/bot.html)"
57.141.0.17 - - [31/Jul/2026:15:58:20 +0200] "GET /?e=22548412553 HTTP/2" 301 20 "-" "Mozilla/5.0 (X11; Linux x86_64) AppleWebKit/537.36 (KHTML, like Gecko) Chrome/145.0.0.0 Safari/537.36 (compatible; meta-externalagent/1.1 (+https://developers.facebook.com/docs/sharing/webmasters/crawler))"
57.141.0.26 - - [31/Jul/2026:15:58:22 +0200] "GET /?e=22548412553 HTTP/2" 200 11432 "-" "Mozilla/5.0 (X11; Linux x86_64) AppleWebKit/537.36 (KHTML, like Gecko) Chrome/145.0.0.0 Safari/537.36 (compatible; meta-externalagent/1.1 (+https://developers.facebook.com/docs/sharing/webmasters/crawler))"
66.249.66.197 - - [31/Jul/2026:15:58:33 +0200] "GET /shop.php?w=34443362739795 HTTP/1.1" 200 20 "-" "Mozilla/5.0 (Linux; Android 6.0.1; Nexus 5X Build/MMB29P) AppleWebKit/537.36 (KHTML, like Gecko) Chrome/150.0.7871.186 Mobile Safari/537.36 (compatible; Googlebot/2.1; +http://www.google.com/bot.html)"
66.249.66.197 - - [31/Jul/2026:16:01:04 +0200] "GET /shop.php?w=45702631561599 HTTP/1.1" 200 20 "-" "Mozilla/5.0 (Linux; Android 6.0.1; Nexus 5X Build/MMB29P) AppleWebKit/537.36 (KHTML, like Gecko) Chrome/150.0.7871.186 Mobile Safari/537.36 (compatible; Googlebot/2.1; +http://www.google.com/bot.html)"
66.249.66.197 - - [31/Jul/2026:16:01:50 +0200] "GET /shop.php?w=42716885059954 HTTP/1.1" 200 20 "-" "Mozilla/5.0 (Linux; Android 6.0.1; Nexus 5X Build/MMB29P) AppleWebKit/537.36 (KHTML, like Gecko) Chrome/150.0.7871.186 Mobile Safari/537.36 (compatible; Googlebot/2.1; +http://www.google.com/bot.html)"
66.249.66.197 - - [31/Jul/2026:16:01:53 +0200] "GET /shop.php?w=83233711930449 HTTP/1.1" 200 20 "-" "Mozilla/5.0 (Linux; Android 6.0.1; Nexus 5X Build/MMB29P) AppleWebKit/537.36 (KHTML, like Gecko) Chrome/150.0.7871.186 Mobile Safari/537.36 (compatible; Googlebot/2.1; +http://www.google.com/bot.html)"
57.141.0.28 - - [31/Jul/2026:16:00:30 +0200] "GET /?m=43096263284 HTTP/2" 404 10097 "-" "Mozilla/5.0 (Macintosh; Intel Mac OS X 10_15_7) AppleWebKit/537.36 (KHTML, like Gecko) Chrome/145.0.0.0 Safari/537.36 (compatible; meta-externalagent/1.1 (+https://developers.facebook.com/docs/sharing/webmasters/crawler))"
66.249.66.197 - - [31/Jul/2026:16:00:44 +0200] "GET /shop.php?w=33282515821741 HTTP/1.1" 200 20 "-" "Mozilla/5.0 (Linux; Android 6.0.1; Nexus 5X Build/MMB29P) AppleWebKit/537.36 (KHTML, like Gecko) Chrome/150.0.7871.186 Mobile Safari/537.36 (compatible; Googlebot/2.1; +http://www.google.com/bot.html)"
66.249.66.197 - - [31/Jul/2026:16:00:47 +0200] "GET /shop.php?w=14428698149380 HTTP/1.1" 200 20 "-" "Mozilla/5.0 (Linux; Android 6.0.1; Nexus 5X Build/MMB29P) AppleWebKit/537.36 (KHTML, like Gecko) Chrome/150.0.7871.186 Mobile Safari/537.36 (compatible; Googlebot/2.1; +http://www.google.com/bot.html)"
66.249.66.197 - - [31/Jul/2026:16:00:51 +0200] "GET /shop.php?w=72541265814122 HTTP/1.1" 200 20 "-" "Mozilla/5.0 (Linux; Android 6.0.1; Nexus 5X Build/MMB29P) AppleWebKit/537.36 (KHTML, like Gecko) Chrome/150.0.7871.186 Mobile Safari/537.36 (compatible; Googlebot/2.1; +http://www.google.com/bot.html)"
66.249.66.197 - - [31/Jul/2026:16:00:54 +0200] "GET /shop.php?w=41677077342443 HTTP/1.1" 200 20 "-" "Mozilla/5.0 (Linux; Android 6.0.1; Nexus 5X Build/MMB29P) AppleWebKit/537.36 (KHTML, like Gecko) Chrome/150.0.7871.186 Mobile Safari/537.36 (compatible; Googlebot/2.1; +http://www.google.com/bot.html)"
57.141.0.59 - - [31/Jul/2026:16:01:04 +0200] "GET /?t=31512536152 HTTP/2" 301 20 "-" "Mozilla/5.0 (Macintosh; Intel Mac OS X 10_15_7) AppleWebKit/537.36 (KHTML, like Gecko) Chrome/145.0.0.0 Safari/537.36 (compatible; meta-externalagent/1.1 (+https://developers.facebook.com/docs/sharing/webmasters/crawler))"
57.141.0.10 - - [31/Jul/2026:16:01:07 +0200] "GET /?t=31512536152 HTTP/2" 200 11387 "-" "Mozilla/5.0 (Macintosh; Intel Mac OS X 10_15_7) AppleWebKit/537.36 (KHTML, like Gecko) Chrome/145.0.0.0 Safari/537.36 (compatible; meta-externalagent/1.1 (+https://developers.facebook.com/docs/sharing/webmasters/crawler))"
66.249.66.197 - - [31/Jul/2026:16:00:12 +0200] "GET /shop.php?w=69944430363744 HTTP/1.1" 200 20 "-" "Mozilla/5.0 (Linux; Android 6.0.1; Nexus 5X Build/MMB29P) AppleWebKit/537.36 (KHTML, like Gecko) Chrome/150.0.7871.186 Mobile Safari/537.36 (compatible; Googlebot/2.1; +http://www.google.com/bot.html)"
66.249.66.197 - - [31/Jul/2026:16:01:17 +0200] "GET /shop.php?w=12441737930060 HTTP/1.1" 200 20 "-" "Mozilla/5.0 (Linux; Android 6.0.1; Nexus 5X Build/MMB29P) AppleWebKit/537.36 (KHTML, like Gecko) Chrome/150.0.7871.186 Mobile Safari/537.36 (compatible; Googlebot/2.1; +http://www.google.com/bot.html)"
66.249.66.197 - - [31/Jul/2026:16:00:18 +0200] "GET /shop.php?w=91064831826338 HTTP/1.1" 200 20 "-" "Mozilla/5.0 (Linux; Android 6.0.1; Nexus 5X Build/MMB29P) AppleWebKit/537.36 (KHTML, like Gecko) Chrome/150.0.7871.186 Mobile Safari/537.36 (compatible; Googlebot/2.1; +http://www.google.com/bot.html)"
66.249.66.197 - - [31/Jul/2026:16:00:25 +0200] "GET /shop.php?w=19127749399759 HTTP/1.1" 200 20 "-" "Mozilla/5.0 (Linux; Android 6.0.1; Nexus 5X Build/MMB29P) AppleWebKit/537.36 (KHTML, like Gecko) Chrome/150.0.7871.186 Mobile Safari/537.36 (compatible; Googlebot/2.1; +http://www.google.com/bot.html)"
57.141.0.18 - - [31/Jul/2026:16:00:27 +0200] "GET /?m=43096263284 HTTP/2" 301 20 "-" "Mozilla/5.0 (Macintosh; Intel Mac OS X 10_15_7) AppleWebKit/537.36 (KHTML, like Gecko) Chrome/145.0.0.0 Safari/537.36 (compatible; meta-externalagent/1.1 (+https://developers.facebook.com/docs/sharing/webmasters/crawler))"
66.249.72.133 - - [31/Jul/2026:16:00:57 +0200] "GET /shop.php?w=77132078888269 HTTP/1.1" 200 20 "-" "Mozilla/5.0 (Linux; Android 6.0.1; Nexus 5X Build/MMB29P) AppleWebKit/537.36 (KHTML, like Gecko) Chrome/150.0.7871.186 Mobile Safari/537.36 (compatible; Googlebot/2.1; +http://www.google.com/bot.html)"
66.249.66.198 - - [31/Jul/2026:16:01:10 +0200] "GET /shop.php?w=58664023502645 HTTP/1.1" 200 20 "-" "Mozilla/5.0 (Linux; Android 6.0.1; Nexus 5X Build/MMB29P) AppleWebKit/537.36 (KHTML, like Gecko) Chrome/150.0.7871.186 Mobile Safari/537.36 (compatible; Googlebot/2.1; +http://www.google.com/bot.html)"
66.249.66.197 - - [31/Jul/2026:16:01:24 +0200] "GET /shop.php?w=98874044978897 HTTP/1.1" 200 20 "-" "Mozilla/5.0 (Linux; Android 6.0.1; Nexus 5X Build/MMB29P) AppleWebKit/537.36 (KHTML, like Gecko) Chrome/150.0.7871.186 Mobile Safari/537.36 (compatible; Googlebot/2.1; +http://www.google.com/bot.html)"
57.141.0.50 - - [31/Jul/2026:15:46:07 +0200] "GET /?d=32211110721 HTTP/2" 429 0 "-" "Mozilla/5.0 (Windows NT 10.0; Win64; x64) AppleWebKit/537.36 (KHTML, like Gecko) Chrome/145.0.0.0 Safari/537.36 (compatible; meta-externalagent/1.1 (+https://developers.facebook.com/docs/sharing/webmasters/crawler))"
66.249.66.198 - - [31/Jul/2026:15:47:05 +0200] "GET /shop.php?w=55135582498884 HTTP/1.1" 200 20 "-" "Mozilla/5.0 (Linux; Android 6.0.1; Nexus 5X Build/MMB29P) AppleWebKit/537.36 (KHTML, like Gecko) Chrome/150.0.7871.186 Mobile Safari/537.36 (compatible; GoogleOther)"
57.141.0.59 - - [31/Jul/2026:15:47:14 +0200] "GET /?l=45781879643 HTTP/2" 429 0 "-" "Mozilla/5.0 (Windows NT 10.0; Win64; x64) AppleWebKit/537.36 (KHTML, like Gecko) Chrome/145.0.0.0 Safari/537.36 (compatible; meta-externalagent/1.1 (+https://developers.facebook.com/docs/sharing/webmasters/crawler))"
66.249.66.197 - - [31/Jul/2026:15:48:06 +0200] "GET /shop.php?w=42553915866007 HTTP/1.1" 200 20 "-" "Mozilla/5.0 (Linux; Android 6.0.1; Nexus 5X Build/MMB29P) AppleWebKit/537.36 (KHTML, like Gecko) Chrome/150.0.7871.186 Mobile Safari/537.36 (compatible; GoogleOther)"
